nits digit of 10/15 + v/(-3)?
9
Let j = -9 + 15. What is the units digit of (-2)/(-6) + 34/j?
6
Let n = -95 + 99. What is the units digit of n?
4
Let y be ((-21)/3)/((-2)/4). Suppose 3*o - y = o. What is the units digit of o?
7
Let v = 67 + 48. What is the hundreds digit of v?
1
Let o be 1*12/(-4) - -7. Suppose 4*x - 24 - 16 = 2*j, x + o*j = 10. What is the tens digit of x?
1
Let n be (3 - -1) + 3 + -1. Let u(r) = r**2 + 2*r - 13. What is the tens digit of u(n)?
3
Let m(w) = -w**3 - 2*w**2 + 3*w + 4. Suppose g = -g + 16. Let d = g - 11. What is the units digit of m(d)?
4
Let d(a) = a**3 + 7*a**2 - 9*a - 1. What is the units digit of d(-8)?
7
Let s(a) = 2*a**2 - 2 - 3*a + 5*a + 3*a. What is the tens digit of s(-4)?
1
Let d(r) = -6*r**3 + r + 1. Let w be d(-1). Suppose 13 = m + 2*l, w*l - 28 = -m + l. Suppose m*j - 6*j = -24. What is the units digit of j?
8
Let c = -71 - -254. What is the hundreds digit of c?
1
Suppose -4*l = -4*d, 2*l = d + 5*l. Let o be (12 + d)*22/(-6). Let n = -28 - o. What is the units digit of n?
6
Let o be (-3)/(-3) - 0 - 1. Suppose o = -2*x - 2 + 38. Let z = x + -11. What is the units digit of z?
7
Let a = 2 + -4. What is the units digit of 0/a - (-1 - 1)?
2
Let t = 0 + 0. Suppose -3*l = -4*i - 15, -3*l + 2*i + 15 = -t*i. Suppose -l*q + q + 33 = o, 2*o - 10 = 0. What is the units digit of q?
7
What is the units digit of ((-360)/(-54))/(4/6)?
0
Let d(m) = 3*m**2 - 4*m + 2. Let g = -2 - -4. Let s be d(g). Suppose -5*h + 9 = -s. What is the units digit of h?
3
Let m be 6 + 2*1/(-2). Suppose m*q = -0*q + 70. Suppose 3*x - q = 1. What is the units digit of x?
5
Let u be 2/6 - (-60)/9. Suppose 20 = u*j - 2*j. Suppose j = 3*l - 14. What is the units digit of l?
6
Let u(k) = -3*k**3 - 2*k**2 + 2*k + 2. What is the tens digit of u(-3)?
5
What is the hundreds digit of (-10)/2 - (14 + -265)?
2
Let b(w) = w**2 + w + 3. Let n = -11 + 7. What is the tens digit of b(n)?
1
What is the units digit of (51/(-4))/(2/(-8))?
1
Let h be 2/2*-2 - -6. Let q(v) be the third derivative of -v**5/60 + v**4/4 - v**3/2 - v**2. What is the units digit of q(h)?
5
Suppose -4*c + 11 - 51 = 0. Let x = -7 - c. Suppose 0 = j + x*j - 52. What is the units digit of j?
3
Suppose d = 6 + 22. What is the units digit of d?
8
Suppose -p - 12 = -2*p - 3*d, -3*p - 8 = -2*d. Suppose p = 5*n - 4*y - 25, -7*y + 3*y = -2*n - 2. Let z = -3 + n. What is the units digit of z?
6
Let r = 156 - 79. What is the tens digit of r?
7
Suppose 0 = -0*m + 2*m - 40. What is the units digit of m?
0
Let p = 420 + -120. What is the tens digit of p?
0
Let p be -1*(3 + -4) + -2. Let n = 4 - p. What is the units digit of n?
5
Let g be 2 - (2 - 15*1). Let t(a) = -4*a + 1. Let w be t(-1). Suppose 0 = -5*s - w + g. What is the units digit of s?
2
Let k be (-7)/21*24/(-2). Suppose 17 + 3 = k*f. What is the units digit of f?
5
Let b = 29 - 41. Let r = 29 + b. Let l = 1 + r. What is the tens digit of l?
1
Let c(q) = q**2 + 4*q - 5. Let v be c(-5). Suppose 114 - 39 = 4*h + s, 5*h - s - 96 = v. What is the tens digit of h?
1
Let a = 2 - 3. Let g be a/(-1*2/4). Suppose -3*s - 8 = -2*i - 0*s, -g*s = i + 3. What is the units digit of i?
1
Let n = 2 + 1. Suppose -n*s = 2*s. Suppose s*j + j + 13 = -3*w, 4 = -3*j - 2*w. What is the units digit of j?
2
Let t(p) = p**3 - 9 + 9*p**2 - 13*p - 5 + 0*p**3. Let k be t(-10). Suppose 4*v - k - 4 = 0. What is the units digit of v?
5
Suppose 0 = -2*n - 2*l + 558, -2*n - n + 837 = -2*l. What is the units digit of n?
9
Let h be (-3)/(-9)*3 - -6. Suppose 2*t - 4*g - 16 = 0, 5*t = g + 6 + h. Suppose r - 13 = -3*v, -4*r = t*v - 9*r - 3. What is the units digit of v?
4
Suppose 2*f + 16 = -d, d - 21 = 4*d - 3*f. Let p be (-2)/(-4) + d/(-4). Suppose -5*w + 4*v = -p, -w - 15 = -3*w - 3*v. What is the units digit of w?
3
Let z = -3 - -10. Let k = 11 - z. Suppose 0 = k*u + u - 40. What is the units digit of u?
8
Let t(f) = -7*f - 2. What is the tens digit of t(-6)?
4
Let k(p) = 2*p**3 - p**2 + 3*p + 2. What is the units digit of k(3)?
6
Suppose c = -0*c. Let w(v) = 4 + 0*v**3 - v**3 + 4*v**2 + 5*v + c*v**3. What is the units digit of w(5)?
4
Let m = -471 - -681. What is the units digit of m?
0
Suppose c - 19 = -0*c. What is the tens digit of c?
1
Suppose 5*t + 0*c - 230 = 2*c, 2*c = -3*t + 154. Suppose -v = v - m - 33, 3*v - t = 2*m. What is the units digit of v?
8
Suppose 5*r - 11 - 19 = 0. What is the tens digit of (-1)/r + (-183)/(-18)?
1
Suppose 4*a - 6*a - 44 = 0. Let y be 124/(-9) - 2/9. Let b = y - a. What is the units digit of b?
8
Let n(k) = 6*k**2 - 9*k - 17. What is the tens digit of n(-3)?
6
Let s(y) = -7*y**3 - 2*y**2 + y + 3. What is the units digit of s(-2)?
9
Let o = -60 + 84. Let y = -10 + o. What is the units digit of y + 3/6*2?
5
Suppose 6*k = 2*k - 2*g - 14, -5*k + 3*g = 1. Let a be 2/k + (5 - 0). Suppose a = d - 3. What is the units digit of d?
7
What is the units digit of 2/(-4)*(2 + -524)?
1
Suppose -4*a + 42 = -a. What is the tens digit of a?
1
Suppose 0*b - 3*b + 5*a = -49, -5*b + 4*a = -60. Let u = b + -6. Suppose 21 = 2*p - u*c + c, 2*c - 39 = -5*p. What is the units digit of p?
9
Let k = 93 + -24. What is the tens digit of k?
6
Suppose -s + 471 = 2*s. Let g = 89 - s. What is the units digit of (-4)/22 - g/11?
6
Suppose 0 = -3*n + 5*y + 46, 2*y + 0*y - 18 = -4*n. Suppose n*l - 210 = 2*l. What is the units digit of l?
2
What is the hundreds digit of 143 + 3/(6/8)?
1
Let m = 58 + -33. Suppose 2*c - m = 4*k - 7*k, 0 = -3*k + 5*c + 32. What is the units digit of k?
9
Suppose 2*i + 31 = 4*u - 3*i, 3*i + 9 = 0. Suppose 0*q + u = q. What is the units digit of (5/(-2))/(q/(-8))?
5
Suppose 6 = -3*l + 4*l. What is the units digit of l?
6
Let q be (3 - 2)/1 - -1. Suppose w = -2*t + 23, w + 61 = 4*t - q*w. What is the units digit of t?
3
Let j(b) = b**2 - 5*b + 4. Let d = 6 + 1. What is the tens digit of j(d)?
1
Let r = -14 + 20. Let f(v) = v + 6. What is the units digit of f(r)?
2
Suppose -5*i - 3*v + 75 = 0, -2*i + 6 = -5*v - 24. Let y = 35 + -31. Suppose b = 5*k - y*k + i, 4*b + 2*k = 30. What is the units digit of b?
0
Suppose 3*d - 15 = -2*d. Let a be (-3)/d*2/2. Let r(u) = 11*u**2 + 2*u + 1. What is the units digit of r(a)?
0
Let i(d) be the second derivative of d**3/2 + d**2/2 - 2*d. Let m be i(6). Suppose 5 - m = -2*y. What is the units digit of y?
7
Let a = 16 - 15. Suppose -p - 4 = -2. Let n = a - p. What is the units digit of n?
3
Let y(p) = 18*p**2 + 2*p - 1. What is the units digit of y(2)?
5
Suppose 0*i + 99 = 3*i. Suppose 0 = -2*d - 5 + i. Let z = d - 7. What is the units digit of z?
7
Let u(n) = -9*n**3 + 9*n**2 - 3*n - 3. Let s(m) = -m + 0*m + 1 - 2 + 4*m**2 - 4*m**3. Let l(z) = 7*s(z) - 3*u(z). What is the tens digit of l(-2)?
1
Suppose 0 + 7 = p. Suppose 125 = 4*n - b, -n = -b + p - 39. What is the tens digit of n?
3
Suppose 3*h - 2 - 4 = 0. Suppose 2*r = 4*t + 18, 0 = h*r + 2*t + 3*t. What is the units digit of r?
5
Let i = -1 - -9. Let h = i + -7. Let p = 5 - h. What is the units digit of p?
4
Suppose -19*i + 132 = -18*i. What is the tens digit of i?
3
Suppose 3*g - 4*u - 51 = -0*g, -2*g + u + 39 = 0. What is the units digit of g?
1
Let x(f) = 2*f - 7. Let p(r) = r + 1. Let z(k) = k + 2. Let u(h) = -6*p(h) + 5*z(h). Let o(q) = 5*u(q) + 3*x(q). What is the units digit of o(2)?
1
Suppose 14 + 61 = -5*a. Let j = -11 - a. What is the units digit of j?
4
Let i = 11 - 8. Let r(h) = -h**3 - 4*h**2 + 5*h + 2. Let a be r(-5). Suppose p + a*p = i. What is the units digit of p?
1
Let n = -48 + 175. What is the units digit of n?
7
Let u = 34 + 80. What is the units digit of u?
4
Let p(i) = -i**2 - 8*i + 5. Let l be p(-7). Suppose d + 4*c = 2*c + l, 4*d = 3*c + 15. Suppose -d = -a - a. What is the units digit of a?
3
Suppose 0*t = -3*t - 63. What is the tens digit of 14/t - 32/(-3)?
1
Let z = 3 + -20. Let r = z + 26. What is the units digit of r?
9
Suppose 3*c - 5 = 5*i + 12, -15 = 5*i - 5*c. Let r(w) = w**2 - w + 3. What is the units digit of r(i)?
3
Suppose i + 0*i = 2. Let v be 2*2/2 - -2. Let r = v - i. What is the units digit of r?
2
Let z = 7 - 3. Let w = -7 + z. Let q = 2 - w. What is the units digit of q?
5
Suppose -25 = 3*n - 5*x + 2, -5*n = 2*x + 14. Let f(w) = -6*w + 0*w**2 - 9 - w**3 + 3 - 4*w**2. What is the tens digit of f(n)?
1
Suppos